5. What is l(-30)?
-35
Let c(t) = -t**2 - 252*t + 18357. Determine c(59).
8
Let y(f) = 28*f**2 + 21*f + 33. Give y(-4).
397
Let b(v) = -189*v - 196. Determine b(-1).
-7
Let a(f) = f**3 + 243*f**2 - 471*f + 4660. Determine a(-245).
5
Let i(o) = 63476*o + 190432. What is i(-3)?
4
Let k(t) = -2*t**3 - 59*t**2 + 28*t - 17. Give k(-30).
43
Let x(p) = 72*p + 788. Give x(-8).
212
Let f(q) = -4*q - 20. What is f(9)?
-56
Let t(f) = -f**3 + 3*f**2 + 170*f + 168. What is t(-11)?
-8
Let l(o) = 33*o + 248. Determine l(-6).
50
Let n(d) = -12*d**2 - 51*d - 5. Give n(-5).
-50
Let l(i) = -460*i + 39562. Give l(86).
2
Let i(l) = l**3 + 13*l**2 + 38*l - 26. Calculate i(-7).
2
Let m(c) = -446*c - 3105. Give m(-7).
17
Let r(z) = -z**3 - 18*z**2 - 35*z - 46. Calculate r(-16).
2
Let x(t) = 846*t + 863. Give x(-1).
17
Let g(u) = u**3 + 39*u**2 + 171*u + 5. Give g(-34).
-29
Let h(z) = z**2 + 7*z + 18. Calculate h(-17).
188
Let n(l) = l**3 - 50*l**2 - 7*l + 342. Calculate n(50).
-8
Let k(t) = 25*t + 568. What is k(-25)?
-57
Let s(j) = -3*j**2 - 51*j - 217. Calculate s(-6).
-19
Let f(g) = g**2 + 32*g + 141. What is f(-4)?
29
Let i(j) = 601*j + 117190. Calculate i(-195).
-5
Let b(o) = 460*o + 9206. Determine b(-20).
6
Let r(f) = 18*f**2 - 25*f - 65. Determine r(-3).
172
Let f(s) = -s**3 + 22*s**2 - 41*s - 19. Determine f(20).
-39
Let f(s) = -s**3 + 81*s**2 + 16*s - 1293. Calculate f(81).
3
Let p(t) = 2*t**3 - 7*t**2 - 8*t - 6. What is p(6)?
126
Let x(a) = -12*a + 212. What is x(27)?
-112
Let o(s) = s**2 + 56*s + 404. Give o(-10).
-56
Let r(h) = -66*h - 343. Determine r(-6).
53
Let u(p) = p**3 - 15*p**2 - 83*p + 67. What is u(19)?
-66
Let q(x) = 40*x - 1270. Give q(32).
10
Let c(g) = -2*g**2 - 52*g - 343. Give c(-16).
-23
Let d(u) = 923*u + 13857. What is d(-15)?
12
Let z(w) = 2*w**3 - 19*w**2 + 17*w - 43. Calculate z(9).
29
Let x(v) = 111*v + 1975. Calculate x(-17).
88
Let u(p) = 3759*p + 37596. Determine u(-10).
6
Let j(s) = 56*s - 951. Give j(17).
1
Let s(u) = -18*u + 16. Determine s(-6).
124
Let o(j) = -j**3 + 18*j**2 + 21*j + 458. Give o(21).
-424
Let f(o) = -3*o**2 - 151*o - 718. Calculate f(-45).
2
Let o(p) = -5*p - 136. Give o(-35).
39
Let m(h) = -h**3 + 16*h**2 - 153*h + 1091. What is m(11)?
13
Let o(h) = -2*h**3 + 3*h**2 + 44*h - 33. Determine o(7).
-264
Let i(g) = -6*g**2 + 18*g + 145. Determine i(-6).
-179
Let t(l) = 42*l - 491. Give t(9).
-113
Let n(i) = 4*i**2 - 232*i + 5. Calculate n(58).
5
Let r(h) = -h**2 + 18*h + 85. Give r(23).
-30
Let l(t) = 155*t**2 + 628*t + 4. Give l(-4).
-28
Let n(b) = b**3 - 52*b**2 - 54*b + 35. Determine n(53).
-18
Let w(c) = -4*c**3 + 98*c**2 - 43*c - 117. Give w(24).
3
Let f(n) = -n**3 + 18*n**2 + 8*n + 166. What is f(19)?
-43
Let s(v) = 3*v**3 + 8*v**2 - 3*v + 19. Calculate s(-4).
-33
Let t(q) = q**3 + 9*q**2 - 31*q + 71. Determine t(-12).
11
Let c(m) = -158*m - 9013. Determine c(-57).
-7
Let p(a) = -3*a**2 - 4*a + 39. Give p(6).
-93
Let m(x) = x**2 - 3*x - 22. Calculate m(-5).
18
Let r(b) = -2*b**3 - 49*b**2 + 27*b + 36. Give r(-25).
-14
Let d(z) = 6*z**3 - 86*z**2 + 9*z + 144. Determine d(14).
-122
Let g(a) = -14*a**3 - 28*a - 28. What is g(-1)?
14
Let p(n) = -2*n**3 + 31*n**2 + 10*n + 78. What is p(16)?
-18
Let h(x) = 2*x**2 + 44*x - 17. Calculate h(-15).
-227
Let v(r) = -1628*r + 63492. Calculate v(39).
0
Let y(z) = -z**3 - 27*z**2 - 77*z + 31. Give y(-24).
151
Let o(z) = -85*z - 1195. Determine o(-23).
760
Let s(n) = 2*n**3 + 67*n**2 + 36*n + 47. What is s(-33)?
-52
Let h(u) = u**2 + 26*u - 32. Determine h(-5).
-137
Let q(b) = -219*b + 509. Calculate q(2).
71
Let t(w) = -w**2 - 272*w + 1379. Calculate t(5).
-6
Let o(q) = -q**3 - 7*q**2 - 52*q - 572. What is o(-9)?
58
Let l(j) = 38*j + 13. Give l(-3).
-101
Let l(x) = 353*x - 3172. Determine l(9).
5
Let m(l) = l**2 + 127*l - 1520. Determine m(11).
-2
Let h(f) = 65*f - 288. Determine h(5).
37
Let k(p) = -p**2 - 25*p + 14. What is k(-26)?
-12
Let i(l) = l**2 - 25*l + 36. Calculate i(31).
222
Let w(n) = -n**3 + 9*n**2 + 68*n + 1. What is w(-7)?
309
Let l(j) = -202*j - 6840. Calculate l(-34).
28
Let m(g) = g**3 - 70*g**2 - 1688*g - 269. Give m(89).
-2
Let w(h) = h**2 - 33*h - 1214. What is w(-22)?
-4
Let v(z) = -30*z + 546. Give v(20).
-54
Let n(r) = -365*r**2 - 1119*r - 69. What is n(-3)?
3
Let u(s) = -2*s**3 - 178*s**2 + 2*s + 169. Determine u(-89).
-9
Let p(m) = 313*m + 560. Calculate p(-2).
-66
Let n(u) = -473*u + 479. Give n(1).
6
Let j(c) = -c**3 - 7*c**2 + 21*c + 90. Determine j(-8).
-14
Let q(c) = 218*c + 21155. Calculate q(-97).
9
Let k(x) = -x**3 - 247*x**2 + 48*x + 11858. What is k(-247)?
2
Let g(f) = 8*f**3 - 82*f**2 - 3*f + 6. Give g(3).
-525
Let n(c) = 53*c - 575. What is n(8)?
-151
Let n(x) = -2*x**2 + 213*x - 3712. Determine n(22).
6
Let k(c) = -c**2 - 240*c + 247. Determine k(1).
6
Let k(l) = -65*l**3 + 4*l + 6. Calculate k(-2).
518
Let q(a) = -2*a**2 - 1166*a - 1166. Give q(-1).
-2
Let g(l) = 3*l**3 + 19*l**2 - 15*l - 3. Give g(-7).
4
Let p(u) = -27*u - 202. What is p(10)?
-472
Let a(t) = t**3 - 159*t**2 - 310*t - 1927. Give a(161).
5
Let i(j) = j**3 - j**2 - j + 120. Give i(0).
120
Let o(q) = -q**3 - 18*q**2 - 35*q - 729. What is o(-18)?
-99
Let a(v) = -4*v**2 - 10*v - 4. What is a(-2)?
0
Let j(l) = 2264*l + 33961. Give j(-15).
1
Let b(q) = -252*q + 1205. What is b(5)?
-55
Let g(v) = -2*v**3 + 9*v**2 + 42*v - 143. Determine g(3).
10
Let z(u) = 8*u**2 - 9*u + 1. Calculate z(2).
15
Let p(h) = 4*h**3 + 2*h**2 + 3*h + 2. Determine p(2).
48
Let i(d) = 6*d**3 + 28*d**2 + 30*d + 10. Calculate i(-6).
-458
Let n(s) = -s**3 - 85*s**2 + 359*s + 270. Determine n(-89).
3
Let v(t) = 2*t**3 + 12*t**2 + 21*t + 57. Calculate v(-5).
2
Let r(k) = 2*k**3 - 69*k**2 - 52*k + 9. Give r(35).
-586
Let r(s) = 35*s**2 - 246*s. Calculate r(6).
-216
Let x(y) = 2*y - 84. Determine x(12).
-60
Let s(j) = j**3 - 34*j**2 + 227*j + 24. Calculate s(10).
-106
Let g(u) = -3*u + 37. Calculate g(13).
-2
Let n(x) = -x**3 + 25*x - 2. Give n(3).
46
Let m(a) = 153*a + 342. What is m(-6)?
-576
Let q(n) = -n**3 + 18*n**2 + 1859*n - 223. Determine q(53).
-11
Let v(b) = -51*b - 10952. Calculate v(-215).
13
Let h(g) = g**3 - 28*g**2 + 76*g - 33. Determine h(25).
-8
Let p(m) = -m + 186. What is p(35)?
151
Let a(w) = -2*w**2 - 105*w - 777. Determine a(-9).
6
Let l(p) = 16*p - 310. What is l(-6)?
-406
Let p(i) = 8*i**2 + 141*i + 113. Calculate p(-16).
-95
Let r(p) = 3*p - 394. Determine r(93).
-115
Let n(s) = 19*s**3 + s**2 - 3*s - 5. What is n(-1)?
-20
Let o(c) = -525*c + 534. Calculate o(1).
9
Let v(p) = -48*p**2 - 16*p + 18. Give v(1).
-46
Let h(u) = 2151*u - 6364. Give h(3).
89
Let t(j) = -506*j - 201. Give t(1).
-707
Let f(i) = 149*i - 744. Determine f(5).
1
Let k(j) = -j**3 + 83*j**2 - 665*j - 13. Determine k(74).
61
Let h(y) = -y**3 - 106*y**2 - 206*y + 214. Determine h(-104).
6
Let u(b) = -7*b - 254. Determine u(-40).
26
Let w(x) = -x**2 + 87*x - 1774. Calculate w(33).
8
Let g(u) = 116*u**3 + 146*u**2 + 146*u - 2. Determine g(-1).
-118
Let w(h) = 2*h**3 - 13*h**2 + h + 4. What is w(6)?
-26
Let y(j) = 233*j + 17709. Determine y(-76).
1
Let c(z) = -6*z**2 - 55*z + 32. Calculate c(-10).
-18
Let x(n) = -n**3 - 9*n**2 + 13*n + 206. What is x(-7)?
17
Let u(y) = 19*y - 341. What is u(24)?
115
Let g(f) = f**2 - 33*f + 166. Give g(25).
-34
Let s(j) = -14*j - 154. What is s(-38)?
378
Let l(v) = -v**2 - 9*v + 9480. Determine l(-102).
-6
Let z(t) = -133*t - 1340. Give z(-9).
-143
Let x(v) = -8*v - 59. Calculate x(-13).
45
Let z(m) = m**3 + 35*m**2 + 32*m - 179. Give z(-34).
-111
Let x(q) = -110*q**2 + 76*q + 76. What is x(-1)?
-110
Let s(v) = v**3 - 192*v**2 + 18*v - 3458. Calculate s(192).
-2
Let x(n) = -7*n**3 + 2*n**2 + 6*n + 6. Determine x(-4).
462
Let y(w) = w**2 - 15*w - 271. What is y(25)?
-21
Let x(w) = -w**3 + 60*w**2 - 120*w + 249. Determine x(58).
17
Let y(n) = -3*n**3 - 143*n**2 + 200*n + 196. Give y(-49).
0
Let h(q) = q**2 - 2*q - 86. Calculate h(-12).
82
Let b(q) = -q**2 - 27*q - 166. Determine b(-22).
-56
Let x(l) = l**2 + 25*l - 37. Determine x(-14).
-191
Let n(s) = -s**2 + 374*s - 1846. What is n(5)?
-1
Let u(v) = v**3 + 43*v**2 - 3*v - 185. Give u(-43).
-56
Let s(x) = x**3 + 12*x**2 - 31*x - 251. What is s(-8)?
253
Let i(r) = -2*r**2 - 2*r + 65. What is i(6)?
-19
Let h(b) = -b**3 - 3*b**2 + 